r when 212342 is divided by 522.
410
What is the remainder when 582892 is divided by 59?
31
Calculate the remainder when 2784447 is divided by 1392214.
19
Calculate the remainder when 632991 is divided by 632989.
2
Calculate the remainder when 307991 is divided by 51317.
89
Calculate the remainder when 1671945 is divided by 448.
9
Calculate the remainder when 1783165 is divided by 1077.
730
What is the remainder when 866391 is divided by 288769?
84
Calculate the remainder when 8362014 is divided by 41602.
12
Calculate the remainder when 679054127 is divided by 27.
23
Calculate the remainder when 2720253 is divided by 551.
517
What is the remainder when 232956 is divided by 116363?
230
Calculate the remainder when 3614578 is divided by 2802.
2800
What is the remainder when 233397869 is divided by 20?
9
What is the remainder when 181363401 is divided by 1439392?
9
Calculate the remainder when 8791384 is divided by 2859.
2818
Calculate the remainder when 3911525 is divided by 977829.
209
What is the remainder when 300549 is divided by 75135?
9
Calculate the remainder when 9813 is divided by 6833.
2980
What is the remainder when 6173737 is divided by 3086856?
25
Calculate the remainder when 321010 is divided by 454.
32
Calculate the remainder when 568211278 is divided by 260.
258
Calculate the remainder when 6390825 is divided by 24.
9
What is the remainder when 2016866 is divided by 38783?
150
Calculate the remainder when 303871 is divided by 151930.
11
Calculate the remainder when 49414 is divided by 531.
31
Calculate the remainder when 6252480 is divided by 130258.
96
What is the remainder when 230680 is divided by 243?
73
Calculate the remainder when 610175 is divided by 2962.
3
What is the remainder when 7859762 is divided by 356?
350
Calculate the remainder when 625974 is divided by 41359.
5589
What is the remainder when 8561525 is divided by 720?
5
Calculate the remainder when 7944 is divided by 2641.
21
Calculate the remainder when 124593 is divided by 28370.
11113
What is the remainder when 17218783 is divided by 307478?
15
What is the remainder when 57407 is divided by 9540?
167
What is the remainder when 77767037 is divided by 5554788?
5
Calculate the remainder when 159267 is divided by 3193.
2810
Calculate the remainder when 32245 is divided by 2640.
565
Calculate the remainder when 347999 is divided by 134.
1
What is the remainder when 30893 is divided by 2044?
233
What is the remainder when 331922 is divided by 29?
17
Calculate the remainder when 219717 is divided by 2263.
206
What is the remainder when 382222 is divided by 292?
286
Calculate the remainder when 2675881 is divided by 891920.
121
What is the remainder when 140758584 is divided by 19?
10
Calculate the remainder when 4253736 is divided by 10.
6
What is the remainder when 565581 is divided by 101?
82
What is the remainder when 2507384 is divided by 3174?
3098
What is the remainder when 2051777 is divided by 60?
17
Calculate the remainder when 77735471 is divided by 3215.
3201
Calculate the remainder when 6970711 is divided by 6970669.
42
What is the remainder when 1268091673 is divided by 53?
52
Calculate the remainder when 146857303 is divided by 205.
18
Calculate the remainder when 952551 is divided by 440.
391
What is the remainder when 4959 is divided by 2288?
383
What is the remainder when 938552 is divided by 152?
104
What is the remainder when 15644625 is divided by 9?
6
What is the remainder when 628679 is divided by 13663?
181
Calculate the remainder when 843985 is divided by 843737.
248
What is the remainder when 2291405 is divided by 164?
161
Calculate the remainder when 11479 is divided by 9396.
2083
Calculate the remainder when 978923 is divided by 33.
11
Calculate the remainder when 35239 is divided by 152.
127
Calculate the remainder when 321734 is divided by 1249.
741
Calculate the remainder when 57809 is divided by 3541.
1153
Calculate the remainder when 2600755 is divided by 1846.
1587
What is the remainder when 22264 is divided by 10917?
430
What is the remainder when 14609716 is divided by 35204?
56
What is the remainder when 479771 is divided by 174?
53
Calculate the remainder when 597259 is divided by 410.
299
Calculate the remainder when 1269623 is divided by 1328.
55
What is the remainder when 12589 is divided by 12276?
313
Calculate the remainder when 5697503 is divided by 22169.
70
What is the remainder when 49639114 is divided by 59?
54
What is the remainder when 20514239 is divided by 4889?
4884
Calculate the remainder when 7960939 is divided by 78048.
43
Calculate the remainder when 6031192 is divided by 55.
2
What is the remainder when 1528743 is divided by 166?
49
What is the remainder when 14127447 is divided by 10?
7
What is the remainder when 78123 is divided by 1089?
804
Calculate the remainder when 27107869 is divided by 245.
89
Calculate the remainder when 5336146 is divided by 4421.
4420
Calculate the remainder when 54834 is divided by 9681.
6429
What is the remainder when 457145792 is divided by 33?
26
Calculate the remainder when 186045 is divided by 17.
14
What is the remainder when 220868 is divided by 73314?
926
What is the remainder when 735978 is divided by 33453?
12
Calculate the remainder when 107660414 is divided by 26915092.
46
What is the remainder when 81789 is divided by 682?
631
What is the remainder when 109159 is divided by 2540?
2479
What is the remainder when 1096795 is divided by 10?
5
Calculate the remainder when 7939860 is divided by 46705.
10
Calculate the remainder when 112550660 is divided by 1171.
1166
Calculate the remainder when 801294 is divided by 88967.
591
Calculate the remainder when 753412 is divided by 1093.
335
Calculate the remainder when 4719199 is divided by 138789.
373
Calculate the remainder when 6846425 is divided by 26434.
19
What is the remainder when 975385 is divided by 267?
34
Calculate the remainder when 697931 is divided by 964.
959
What is the remainder when 692579 is divided by 649?
96
What is the remainder when 4099799 is divided by 40?
39
What is the remainder when 1481541 is divided by 9?
6
What is the remainder when 5407080 is divided by 51991?
16
What is the remainder when 5546210 is divided by 1848684?
158
What is the remainder when 1842169 is divided by 340?
49
Calculate the remainder when 5920125 is divided by 2668.
2501
What is the remainder when 144515 is divided by 651?
644
What is the remainder when 4872107 is divided by 8?
3
Calculate the remainder when 1782340 is divided by 25824.
484
Calculate the remainder when 368489 is divided by 7369.
39
What is the remainder when 483083 is divided by 24?
11
Calculate the remainder when 3452170 is divided by 211.
210
Calculate the remainder when 56129 is divided by 54683.
1446
What is the remainder when 18570 is divided by 5433?
2271
Calculate the remainder when 622793 is divided by 3082.
229
Calculate the remainder when 2987849 is divided by 6036.
29
What is the remainder when 1565 is divided by 165?
80
Calculate the remainder when 4198694 is divided by 3.
2
Calculate the remainder when 10131025 is divided by 3376967.
124
Calculate the remainder when 215345 is divided by 3219.
2891
What is the remainder when 1972287 is divided by 2027?
16
Calculate the remainder when 17355383 is divided by 2675.
2658
Calculate the remainder when 18756 is divided by 5833.
1257
Calculate the remainder when 65192650 is divided by 55.
50
Calculate the remainder when 5966212 is divided by 2983105.
2
What is the remainder when 1194899 is divided by 145?
99
What is the remainder when 56630 is divided by 18875?
5
What is the remainder when 105727 is divided by 8244?
6799
Calculate the remainder when 1813012 is divided by 1804.
1796
Calculate the remainder when 450976 is divided by 30056.
136
What is the remainder when 34399858 is divided by 1329?
22
What is the remainder when 8222968 is divided by 411148?
8
Calculate the remainder when 1785878 is divided by 300.
278
Calculate the remainder when 5954078 is divided by 10501.
11
Calculate the remainder when 974319 is divided by 1282.
1281
Calculate the remainder when 34413 is divided by 3782.
375
What is the remainder when 7449348 is divided by 1241519?
234
Calculate the remainder when 2596265 is divided